**3. What is the units digit of q(-5)?
3
Let d(o) = 11 - 4 + 0 - 5 + 9*o. Let n be d(2). Suppose -15*b - 170 = -n*b. What is the units digit of b?
4
Let c be -88 + (-4 - 15/(-5)). Let n = c - -154. What is the tens digit of n?
6
Let w = -213 - -358. What is the tens digit of w?
4
Let s = -3 + 6. Let i(l) = -5*l - 7. Let k be i(-2). Suppose 2*a + s*a - k*w - 14 = 0, -4*w - 9 = 3*a. What is the units digit of a?
1
Let k = -2588 + 3406. What is the tens digit of k?
1
What is the units digit of (1 - 4)/(6*3/(-2430))?
5
Suppose y + 4 = 20. Let s = 16 - y. Suppose 3*i - 123 = -k, s = 4*k - 3*k. What is the tens digit of i?
4
Suppose 38*o = 35*o + 444. What is the units digit of o?
8
Let d(x) = 11*x - 265. What is the tens digit of d(38)?
5
Let a = 64 + -59. Suppose 436 - 57 = 5*q + x, -5*x = a. What is the tens digit of q?
7
Suppose 4*f - 48*r - 2748 = -53*r, 3*f + 3*r = 2058. What is the hundreds digit of f?
6
Suppose 3376 = 5*b - 3*r, -5*b - 4*r = -b - 2720. What is the hundreds digit of b?
6
Let o(i) = i**3 + 13*i**2 - 17*i - 30. Let k(f) = 3*f**3 + 38*f**2 - 50*f - 89. Let v(a) = 3*k(a) - 8*o(a). What is the units digit of v(-11)?
6
Suppose 15*o - 7325 + 1895 = 0. What is the tens digit of o?
6
Suppose 4*v + 144 = 4*s, 2*v - 21 = -s - 0*v. Suppose -409 = -4*b + s. What is the units digit of b?
0
Let m(d) be the first derivative of -d**4/4 - 4*d**3 - 11*d**2/2 - 14*d - 23. What is the tens digit of m(-12)?
1
Let z be 7/(-3) - 5/(-15). Let h be (z/4)/(2/(-8)). What is the units digit of 363/55 - h/(-5)?
7
Let r = -30 - -3. Let d = 32 + r. Suppose -d*h = 4*n - 93 - 55, n - 36 = -h. What is the tens digit of n?
3
Let s(k) = -39*k - 4. Let z be s(-8). What is the tens digit of -2*2/22 - (-12684)/z?
4
Suppose -5*m + 21 = -3*s, -5*m - 3 = 3*s - 4*m. Let w = s + -5. What is the units digit of (w + 13)*1/2?
3
Suppose 9*i + 4*i = 65. Suppose 2*m + 2*s - 6*s = 136, 0 = -m + i*s + 74. What is the tens digit of m?
6
Suppose 105 + 7 = f. Suppose 0 = -2*m + f + 50. Suppose -2*b - 4*r + 22 = 0, -5*b + 0*r + 3*r = -m. What is the tens digit of b?
1
Let r = -1679 - -2446. What is the units digit of r?
7
Suppose 11*r - 43 - 1 = 0. Suppose -r*z + 408 = -2*j, 0 = 3*z - 2*j + 5*j - 315. What is the tens digit of z?
0
Suppose r + u = -u + 76, 3*r - 250 = 5*u. What is the units digit of r?
0
What is the units digit of ((-2)/4)/(3 + (-7595)/2530)?
3
Let j(y) = -y**3 + 4*y**2 - 2*y. Let w be j(3). Suppose -5 = 5*n, -339 = -w*a - n + 5. What is the tens digit of a?
1
Let u(s) = -s**2 - 7*s - 4. Let k be u(-5). Let h be (2/(-6))/(k/(-18)). What is the units digit of (-45)/(-6) + h/2?
8
Let b be -4 + (1/(-1) - -10). Suppose 165 = -b*v - 0*v. What is the units digit of 3*v*2/(-9)?
2
Suppose 3*a = 3*g - 30, -4*a + 3*g = 16 + 28. What is the units digit of (-64)/a + 9/21?
5
Let z = 141 + -65. Suppose 676 = 3*w + z. Suppose 55 = 5*l - w. What is the units digit of l?
1
Suppose p = -2 + 4. Suppose 2*u = p*f - 156, -2*f + 0*u = -4*u - 166. What is the tens digit of f?
7
Let q(n) = 248*n**2 + 3*n - 8. What is the thousands digit of q(3)?
2
Let h(l) = l**3 - 6*l**2 - 5*l - 10. Let s be h(7). Suppose 9*z - 270 = s*z. Suppose -3*i + i + z = 0. What is the tens digit of i?
2
Suppose l - 31 = 253. What is the tens digit of 2*l/8 - -2?
7
Suppose 4*j - 744 = 2*w, w = j - 4*w - 186. What is the units digit of j?
6
Let x(t) = t**2 + 11*t + 4. Let q be x(-11). Suppose 5 = -2*v - 5, -515 = -3*y + q*v. What is the hundreds digit of y?
1
Let a be (-13)/(-143) - (-4359)/(-33). Let c = a - -197. What is the tens digit of c?
6
Suppose -2*b = -10*b + 3*b. Suppose 10*v + 233 - 1433 = b. What is the hundreds digit of v?
1
Let n(m) = 2*m**2 - 11*m + 11. What is the hundreds digit of n(18)?
4
Suppose 37460 = 5*z + 4*o, -22474 = -3*z - 5*o + 3*o. Let j be ((-2)/(-4))/((-12)/z). What is the tens digit of j/(-14) + (-4)/14?
2
Suppose -8*z - 6 + 30 = 0. Suppose -z*u + 336 = 3*a, 2*a + 0*u = -5*u + 212. What is the tens digit of a?
1
Let i(t) = 4*t**2 + 5*t - 29. What is the units digit of i(10)?
1
Suppose -9 = -25*u + 22*u, 0 = -3*d + u + 2268. What is the tens digit of d?
5
What is the thousands digit of (14/(-105)*-95)/(4/834)?
2
Let x be -6*1/(-14)*21. Let j(v) = 24*v + 34. What is the units digit of j(x)?
0
Suppose -5*m + u - 176 = 169, -4*u + 88 = -m. Let k = -88 - -197. Let z = k + m. What is the tens digit of z?
4
Let i = 9 - 160. Let y = -98 - i. What is the tens digit of y?
5
Suppose 19*s = 9807 + 4937. What is the hundreds digit of s?
7
Let x = 2 - 5. Let i(k) = 4*k**2 - 5*k + 3. What is the tens digit of i(x)?
5
Suppose 2*l - 25 = 3*k, 4*l + 5 = -0*k - 5*k. Suppose 0 = 3*a + 2*s - 183, 3*a - l*a = s - 122. What is the units digit of a?
1
Let t(o) be the third derivative of o**5/60 + o**4/8 - 11*o**3/6 + 13*o**2. What is the units digit of t(-10)?
9
Let l = 25 + -22. Suppose 0 = -4*p - o + 6, 0*p - 5*p + 16 = -l*o. Suppose -p*f - 6 = -48. What is the tens digit of f?
2
Suppose -1746 - 1899 = -9*k. What is the hundreds digit of k?
4
Suppose -16*i + 11*i = -2710. What is the tens digit of i?
4
Let f be (-12812)/(-20) + -1 + (-4)/(-10). What is the tens digit of (-192)/80*f/(-6)?
5
Suppose -3*g + 86 = q, 4*g + q - 51 - 63 = 0. Let d = 32 - g. Suppose 4*x = 5*u - d*u - 36, 0 = 2*u + 5*x - 72. What is the tens digit of u?
3
Suppose 14 = 2*u - 2*o, 8*o = 3*o - 25. Let r be -8 + 11 + (u - 1). Let a(p) = 3*p - 5. What is the units digit of a(r)?
7
Let z(c) = 1. Let t(g) = g**2 - 4*g - 4. Let r(h) = 3*t(h) + 12*z(h). What is the tens digit of r(6)?
3
Suppose 2*j - 3326 = -4*y, -1683 + 5 = -2*y - 4*j. What is the tens digit of y?
2
What is the units digit of (30/(-8))/(27/(-3384))?
0
Let r be (-3)/9 + 26/6. Suppose g = r*d - 6 - 8, -4*d = -5*g + 10. What is the units digit of g?
6
Let v be (21/(-3))/(2/(-16 - 0)). What is the units digit of 8560/v - (-2)/14?
3
Let g = 360 - 44. Suppose g = 8*d - 1836. What is the tens digit of d?
6
Let t(q) = 24*q**2 - 3*q + 46. What is the hundreds digit of t(6)?
8
Suppose 5*t = n + 1436, 0 = 4*t + 5*n - 547 - 596. What is the hundreds digit of t?
2
What is the hundreds digit of 3/6 + 5895/18?
3
Let r(h) = -28*h + 41. What is the tens digit of r(-16)?
8
Suppose -148 = g - 146. Let o(m) = -5*m - 2*m + 4*m - 2. What is the units digit of o(g)?
4
What is the units digit of 19362/46 + (-4)/(-46)?
1
What is the tens digit of (-507)/(-4) - 51/68?
2
Suppose o + 4*o = 5*x - 35, 2*x - 4 = -3*o. Let a = x + 22. Suppose -j = 2*k - 48, j - 2*k - a = 33. What is the units digit of j?
4
Suppose 0*o + 2*o = 264. Suppose -13*y = -16*y + o. What is the units digit of 1 + 44 - y/11?
1
Let d(b) = -10*b + 6. Let r be d(-3). Suppose 0 = -3*v + r + 69. What is the tens digit of v?
3
Let a(d) = -d**3 - 8*d**2 + 8*d - 4. Suppose -4*f = -11 + 47. What is the units digit of a(f)?
5
Suppose 0*g = -2*g + 2. Let w(h) = 9*h**3 - h + 2. Let q be w(g). Suppose n - 79 + q = 0. What is the tens digit of n?
6
Let m = -634 + 947. What is the hundreds digit of m?
3
Suppose 5*u = -2*k + 72, 5*u = 4*k + 22 + 74. Let d = u + 9. What is the tens digit of ((-10)/d)/((-2)/270)?
5
Suppose -4*c = c + 200. Let l = -38 - c. What is the units digit of -12 + 14 + 1*l?
4
Let a(h) = -66*h - 3. What is the thousands digit of a(-21)?
1
Suppose 0 = -64*b + 66*b + 24. Suppose 0 = -4*r - 3*f + 37 - 95, 86 = -5*r + 3*f. Let j = b - r. What is the units digit of j?
4
Let t = -107 - -17. Let i = t + 156. What is the units digit of i?
6
Let c = 169 + -106. Suppose -334*q - 16 = -342*q. Suppose -21 = -4*l + 3*l + 5*g, -3*l = -q*g - c. What is the tens digit of l?
2
Let n(s) = s**2 - 7*s - 3. Let k be n(7). Let o be 8/k*(-2 + 8). Let j = o + 28. What is the tens digit of j?
1
Let c(f) = -21*f**2 - 4*f + 4. Let z be c(-4). Let w be (4/16)/((-1)/z). Suppose 0 = 4*u - 2*v - 66, 5*u = -v - 0*v + w. What is the tens digit of u?
1
Let h(c) = -70*c - 57. What is the tens digit of h(-11)?
1
Let h = 21 + -28. Let z(m) = -m**2 - 10*m - 8. What is the units digit of z(h)?
3
Suppose 14*b - 12*b = 8. What is the tens digit of -2*b/(-12)*-207*-1?
3
Let n(h) = h - 4. Let b = 7 + 7. What is the tens digit of n(b)?
1
Suppose 0 = u + 3*o - 23, 2*u - 2*o = 48 - 2. Let s = -28 - -60. Suppose -u = -w + s. What is the units digit of w?
5
Let m be (